y). Give m(2).
-10
Let b = -3 - -15. Suppose -11 = 4*u + 17. Let w = u + b. Let q(f) = f**3 - 6*f**2 + 6*f - 6. Determine q(w).
-1
Let z(l) = -7 - 6*l + 2*l**2 + 3 - 3*l**2. What is z(-6)?
-4
Let l(w) = 2*w - 5. Let r be l(6). Let o = r - 11. Let k(v) = -v**2 - 7*v - 5. Determine k(o).
7
Let z(c) = 2*c + 3. Let k be 1/(1/6 - 0). Let o be -2 + -2 + (-6)/k. Give z(o).
-7
Let t(d) be the third derivative of 0 + 1/6*d**4 - d**2 - 1/60*d**5 + 0*d + 1/3*d**3. What is t(5)?
-3
Let s(q) = q**3 + 4*q**2 - 2*q - 5. Let o be s(-4). Let z be ((-20)/12)/5*-6. Let k(a) = -2*a + 7*a + 2*a**z + 4 - 4*a - a**3 + 0*a**2. Give k(o).
-2
Let u = 2 - 0. Let o(a) = -a**u - 1 - 4*a**2 + 2*a - 4*a. Give o(-1).
-4
Let x(r) = -15*r - 1. Let d = -48 + 47. Determine x(d).
14
Let g(c) = -7*c. Let z(x) = -8*x + 1. Let a(w) = -5*g(w) + 4*z(w). Suppose j = 3*h + h, 2*j = -h - 9. What is a(j)?
-8
Suppose -20 - 8 = -4*y. Let x(j) = 3 + 5*j**2 - j - 4*j + 6*j**3 - y*j**3. Let t(k) = -k**2 - 8*k - 8. Let l be t(-6). Determine x(l).
-1
Let s = 6 + -4. Suppose -2*y + s = -6. Let l(f) = 1 - y + f + 2. Give l(-6).
-7
Let m(b) be the first derivative of -b**5/120 + b**4/8 + 2*b**3/3 + 1. Let d(j) be the third derivative of m(j). Calculate d(5).
-2
Let k(m) be the second derivative of -3/10*m**5 + 0 - m + 0*m**3 + 0*m**2 - 1/12*m**4. Give k(1).
-7
Let v(g) = -g**3 - 5*g**2 - 4*g + 3. Suppose 2*k = -5*m - 28, -16 = 5*m - 3*k + 2*k. Give v(m).
3
Suppose 4*c = -2 - 2, -2*x + 2*c + 2 = 0. Let j(m) = 5. Let w(q) = 1. Let r(d) = -j(d) + 6*w(d). Let z(i) = -i. Let a(n) = 4*r(n) + z(n). Determine a(x).
4
Let f(l) be the second derivative of l**3/3 - l**2/2 - l. Suppose n - 5*s = 7, 5*s + 9 = 2*n - 0. Determine f(n).
3
Suppose -4*x = -4*i + 16, 4*i + x = -x + 16. Let c(m) = -8 + 4*m - m**2 + 2 + 2. What is c(i)?
-4
Let x(o) = o**3 - 3*o**2 - 4*o - 5. Let m be x(4). Let s(y) = -y**3 - 6*y**2 - 8*y - 5. Calculate s(m).
10
Let d(n) = n**2 - n - 2. Suppose -u + 2*a = -2*a - 1, 4*a = -5*u - 19. Calculate d(u).
10
Let t(r) = -7*r + 2 - 2 + 0*r**2 - r**2 - 2. Give t(-5).
8
Let f(l) = 7*l**2 + 885*l**3 - 6*l - 2*l + 3 - 886*l**3. What is f(6)?
-9
Let h(k) = k**2 + 2*k - 4. Let p be 14*1*(-3)/(-6). Suppose -p*m - 12 = -4*m. Calculate h(m).
4
Let s(k) = -k**2 - k + 9. Let q(w) = w**3 - 5*w**2 - 4*w. Let l be q(6). Let p be (l/(-18))/(2/(-12)). Suppose 0 = 8*j - p*j. Calculate s(j).
9
Let u be 3*1 + 2/1. Suppose o + u = 0, -z + 4*z = -2*o - 10. Suppose z = 5*m - 2*p + 15, 0 = -4*m - 2*p + 3 + 3. Let s(f) = -2*f + 1. Calculate s(m).
3
Let m(j) = j**3 + 3*j**2 - 4*j - 4. Suppose 3*s + 6 + 6 = 0. Give m(s).
-4
Let i(w) = w**2 - 2*w - 1. Let h(l) = -l**2 - 17*l + 22. Let r be h(-18). Calculate i(r).
7
Let c(g) = 0*g**3 + 3*g - 13 + 9*g**2 + 3*g - g**3. Let v(j) = j**3 - 10*j**2 - 5*j + 14. Let k(p) = -4*c(p) - 3*v(p). Calculate k(7).
-4
Let t(c) = 3*c**2 + 3*c + 4. Let s(a) = -a**2 - a - 1. Let o = -4 - -43. Suppose 11 = -4*y + o. Let w(d) = y*s(d) + 2*t(d). Determine w(1).
-1
Let g(n) = -n**2 - 4*n - n**2 + 1 + 4*n. What is g(-1)?
-1
Let y(s) be the first derivative of -s**2/2 - 2*s + 3. Let j(k) = -k**3 + 6*k**2 - 4*k - 5. Let v be j(5). Suppose v = -5*p + 2*p. Determine y(p).
-2
Let j(v) = v**2 - 6*v - 3. Let m be j(7). Let o(f) be the third derivative of f**5/60 - f**4/8 - f**3/6 + 17*f**2. Determine o(m).
3
Let b(g) = 12*g**3 + 2*g + 1. Suppose -5*a - 17 = -4*i, -3*i + 11 = 2. Calculate b(a).
-13
Let n(q) = 4*q + 1. Let z = -11 - -3. Let t be 3*-1 + z/(-2). Give n(t).
5
Let i(g) = g**3 + 5*g**2 + 2*g. Suppose 5*k = 2*k + 18. Let h = -3 + k. Suppose 5*q - h*f + 25 = 2, -q - 2*f = 2. What is i(q)?
8
Let o(y) be the first derivative of y**4/2 - y**2 + y + 1. Let g = 1 + 0. Calculate o(g).
1
Let t(a) = -6*a - 5. Let w(f) = 5*f + 6. Let b(z) = 4*t(z) + 5*w(z). Let y be b(-11). Let v(o) be the second derivative of o**4/2 + o**2/2 - o. Calculate v(y).
7
Suppose -3 = 3*v - 6. Suppose -h + 2 = -0*h. Let b(m) = -h*m - 1 + m - v. What is b(4)?
-6
Let v(m) = 7*m**3 + 17*m**2 + 14*m + 11. Let z(r) = 3*r**3 + 8*r**2 + 7*r + 5. Let p(b) = -2*v(b) + 5*z(b). What is p(-5)?
-7
Let b be 3*((-39)/9 - -5). Let q(s) be the third derivative of 0*s - s**b + 1/60*s**5 + 1/24*s**4 - 1/3*s**3 + 0. What is q(0)?
-2
Let x(u) be the second derivative of u**4/2 + u. Let t(m) = m**2 - m + 1. Let b be t(0). Give x(b).
6
Let l be 3 - (2 + (1 - 3)). Let f = -6 - -10. Let k(i) = -i + 3 + 1 + i**2 - f*i. Determine k(l).
-2
Let k(r) = 3*r**3 - 1. Let t(o) = 16*o**3 - o**2 + o - 6. Let q(u) = 2*u - 6. Let c be q(5). Suppose -c*p - 55 = p. Let x(j) = p*k(j) + 2*t(j). What is x(-2)?
-5
Let c be 2/(-6) - (-16)/3. Suppose -10 - 20 = -c*n. Let m be (-3 - -4)*(n + -1). Let o(a) = -a + 2. Calculate o(m).
-3
Let a(s) = -28*s - 2*s**2 + 22*s - 4*s**2 - 4*s**3 + 3*s**3. Let x(d) = -d**2 - d - 5. Let h be x(0). Determine a(h).
5
Suppose -2*j = 15 - 13. Let a(w) = 5*w**2 + 2*w + 1. Calculate a(j).
4
Suppose 0 = 2*t + k + 15, -t - 39 = 4*t + 4*k. Let v = 5 + t. Let s(d) = 4 + 0*d**2 + 2*d**2 - 3 + d. Give s(v).
7
Let f(c) be the second derivative of -c**4/12 + 7*c**3/6 - 9*c**2/2 - 194*c. Let l be ((-2)/3)/((-1)/9). Give f(l).
-3
Let m(d) = 2*d**2 + 3*d + 3. Let j be m(-2). Let t be (2 - 2) + (j - 5). Let n(x) = -x**2 + 2. Give n(t).
2
Let l(b) = b**2 - 2*b + 2. Let s(q) = -5*q**3 + 0*q**3 - 5*q**2 + 4*q**3 + 2. Let o be s(-5). Give l(o).
2
Let y(t) = t**3 + 4*t**2 - 7. Let f(i) = i**2 - 39. Let q be f(-6). What is y(q)?
2
Let o = 24 + -21. Let t(w) = -w**3 + 2*w**2 + 3*w. What is t(o)?
0
Let c be ((-6)/(-9))/(2/(-12)). Let d(z) = 2*z + 2. What is d(c)?
-6
Let s be (2/(-4))/(2/(-8)). Let v(g) = -2*g**s - 2*g + 0*g - g**3 + 23 - 24. Determine v(-3).
14
Let p(r) = -r**3 + 5*r**2 - r - 1. Suppose 5*h = -3*o + 205, -2*h - 5*o - 51 = -4*h. Suppose 14 = -3*n + h. Suppose n = 5*c - 17. What is p(c)?
-6
Suppose 3*b + 1 = 2*x - 10, -2*b + 6 = 2*x. Let o(d) = -3*d + 4*d + x*d + 1 + 0*d. Determine o(2).
11
Let p(u) = u + 4. Let k(h) = h**2 - 1. Let v be k(-2). Suppose -5*y = 26 - 1. Let m = v + y. Give p(m).
2
Let r(k) = k**2 + 8*k - 7. Let f(o) = 6*o + 3. Let t be f(-2). Let i be r(t). Let n(l) = -4 - l - l + 7*l + 2*l**i. Calculate n(-4).
8
Suppose 15*m - 20 = 5*m. Let g(u) = -9*u**2 + 7*u - 11. Let q(l) = 5*l**2 - 4*l + 6. Let o(z) = 6*g(z) + 11*q(z). Calculate o(m).
0
Suppose -3*h + 4*x + 25 = 0, -3*x - 2 = -2*h - 4*x. Suppose -18 + 3 = -h*o. Let y(c) = c**3 - 5*c**2 + 3*c - 7. Give y(o).
8
Let c(q) = -6*q**2 + q - 2*q - q**2. What is c(-1)?
-6
Let g(f) = f**2 - 1. Let m(j) = -3*j**2 + 5*j + 6. Let z(x) = -4*g(x) - m(x). Calculate z(-4).
2
Let z = 3 + -2. Let o be (-2 + z)*(-3 - -6). Let c(h) = -2*h + 0*h - h**2 + 0*h. Calculate c(o).
-3
Let l(f) = 7*f**2 + 4*f + 5. Let d(z) = 3*z**2 + 2*z + 2. Let j(m) = 9*d(m) - 4*l(m). Let v be j(3). Let w(u) = 4*u - 4*u - u**2 - 6*u + u - 2. Determine w(v).
-2
Let x be 9/(-6)*102/(-9). Suppose x = 5*w + 2. Let k(q) = q**2 - 3*q + 1. Calculate k(w).
1
Let m(o) be the third derivative of o**6/120 + o**5/60 - o**4/24 - o**3/3 + 4*o**2. Suppose 4*j - 4*a - 10 = -2, 4*a = -j - 8. Let n = 2 + j. Determine m(n).
8
Let k(o) = 8*o**2 + 3*o + 1. Let u(h) = h**2 + h. Let l(z) = -k(z) + 5*u(z). Let v(r) = 7*r**2 - 5*r + 2. Let y(d) = 5*l(d) + 2*v(d). Calculate y(2).
-5
Let c be ((-1)/1)/(-3 + 2). Let d be (-8 - (4 + -1)) + c. Let x be (-1)/(-2) + (-5)/d. Let b(f) = -4*f**3. Determine b(x).
-4
Let i(v) be the first derivative of 1/2*v**2 - 5 - 6*v. What is i(5)?
-1
Let h(x) be the third derivative of x**6/60 - 2*x**5/15 - x**4/6 - x**3/6 + 8*x**2. Let k(f) = -f**3 + f**2 + f. Let y(v) = -h(v) - 6*k(v). Calculate y(1).
5
Let k(o) = 7*o - 2*o**2 + 2 - 2*o**2 + 5*o**2 + 5. Calculate k(-6).
1
Suppose 5*o = -3*t + 17 + 3, 0 = 5*t + 3*o - 12. Let v(n) = n + t + 1 + 5. Suppose 0 = w + 2*w. Give v(w).
6
Let q(w) = 11*w**3 + 6*w**2 + 6*w - 4. Let x(j) be the first derivative of 1/4*j**4 - j + 2 + 1/3*j**3 + 1/2*j**2. Let u(l) = q(l) - 5*x(l). Determine u(-1).
-5
Let i be (-20)/(-25)*15/2. Let f(q) = q**2 - 8*q + 7. Give f(i).
-5
Let b(t) = t**2 + 2*t - 1. Let a(z) = -2*z**2 - 5*z + 1. Let i(v) = -3*a(v) - 7*b(v). Give i(0).
4
Let s(r) = -2*r - 3. Let j be 2/(-6) - (-92)/6. Let i be ((-18)/j)/(1/5). Let t = i - -4. What is s(t)?
1
Suppose 4*f